17*5 + (-7 - -4). Let u = 110 + h. What is the remainder when u is divided by 8?
6
Let r = 73 + 8. Let l(o) = o**2 - 3*o + 11. Suppose -3*z + 7 = 5*g - 13, 2*z + g - 11 = 0. Calculate the remainder when r is divided by l(z).
18
Suppose -11*p = -32*p + 4326. Suppose 0 = -2*k - f - 0 + p, 2*f = -8. What is the remainder when k is divided by 27?
24
Let t(a) = 2*a + 30. Let n be t(-13). Suppose n*m = -2*g + 18, 4 = -0*g + 4*g. What is the remainder when 34 is divided by (2*(-6)/m)/(9/(-27))?
7
Let n(a) = -a**3 + 91*a**2 - 1202*a + 204. Suppose 0 = -y + 30 + 116. What is the remainder when y is divided by n(75)?
38
Suppose 10 = -2*y, 5*a + 4*y - 100 = -0*a. Suppose -169*n = -6755 + 3942 - 9017. What is the remainder when n is divided by a?
22
Let x(b) = 31*b - 1942. Calculate the remainder when x(79) is divided by 10.
7
Suppose 0 = 4*h + y - 200, 282*h - 281*h + y - 59 = 0. Suppose f = -4*a - 18, 5*f - 4*f + 3 = -a. What is the remainder when h is divided by 1 + (-2)/(f/(-15))?
15
Let v(i) = i**2 - 6*i - 22. Let k be v(-8). Suppose 14*o - k + 34 = 0. Calculate the remainder when 16 is divided by o.
0
Let s = -164 - -170. Suppose 0 = -s*k + 71 + 7. Suppose -g = -6*g + 240. Calculate the remainder when g is divided by k.
9
Let l = 9247 + -9138. Calculate the remainder when l is divided by 98.
11
What is the remainder when ((-2)/1 - (-216)/288)/((-3)/10116) is divided by 2105?
5
Let i = -384 - -388. Suppose 3*m + i*l = 89, -2*m - 4*l = -l - 61. What is the remainder when m is divided by 7?
2
Let t = 6802 + -6647. Calculate the remainder when t is divided by 32.
27
Let t(z) = -z**3 + 5*z**2 - 9*z + 6. Let r be t(3). What is the remainder when (88/(-24) - r)/((-2)/63) is divided by 16?
5
Let g be 2*-1*(-10 + 8). Suppose x = 2, 0 = -3*q + 4*q + g*x - 57. Calculate the remainder when q is divided by 27.
22
Suppose 0 = 5*a + 5*q + 9 - 364, 208 = 3*a + 4*q. What is the remainder when a is divided by 19?
0
Let c = -6082 - -4341. What is the remainder when c/(-5) + (-21)/105 is divided by 13?
10
Suppose 3*j = o + 57, -o + 5 = 2. Suppose 0 = -17*p + j*p - 120. What is the remainder when 159 is divided by p?
39
Let u = 989 - 879. Let z = 57 + u. What is the remainder when z is divided by 14?
13
Let j(f) = 2*f**2 - 15*f + 3. Let c(y) = 2*y**2 + 5*y - 81. What is the remainder when j(11) is divided by c(6)?
17
Let g(y) = y**3 - 4*y**2 - 1. Let j be g(4). Let n = -508 + 527. What is the remainder when n is divided by j/(-3) + 256/24?
8
Calculate the remainder when 409 is divided by 9 + 37 - ((-44)/110 + (-3)/5).
33
Let u be 1 + 0 + -2 + 20. Let h(z) = -27*z + u - 2 - 2*z + 2*z. What is the remainder when h(-2) is divided by 25?
21
Let g = 269 - 298. Let l = -3 - g. Calculate the remainder when 205 is divided by l.
23
Let v = -1738 - -817. Let l = 38 - v. What is the remainder when l is divided by 64?
63
Let r = -539 - -758. Calculate the remainder when r is divided by (-3 + 15/7)*10*112/(-48).
19
Let x(i) = -29*i - 2 - 32*i**2 - 8 - 1717*i**3 - 3*i + 1716*i**3. Let m(o) = 3*o**2 + 7*o + 3. Calculate the remainder when m(-7) is divided by x(-31).
17
Let i(a) = -4*a**3 - 11*a**2 - 84*a + 38. Calculate the remainder when i(-6) is divided by 299.
113
Let z(o) = 20*o - 5. Let s be z(-5). Let g = s - -31. Let t = -49 - g. What is the remainder when t is divided by 7?
4
Let i(q) = q**3 - 3*q**2 - 13*q + 4. Suppose 4*a + 4*o = o + 24, -o = 0. What is the remainder when 373 is divided by i(a)?
33
Let t(j) = -266*j + 3. Let z be t(-1). Let p = z + -107. Calculate the remainder when p is divided by 33.
30
Let s(b) = 14*b**2 + 3*b + 2. Let w be s(-3). Let d be 162/(-36)*3/(27/120). Let k = d + w. Calculate the remainder when 174 is divided by k.
56
Suppose -2*b + 151 - 2 = -35. What is the remainder when 547 is divided by b?
87
Suppose 15*s - 444 = 9*s. Calculate the remainder when 5 + -1 + s + 123 is divided by 17.
14
Let a(p) = 5*p**2 + 20*p - 4. Let i(t) = -182*t + 9. Let n be i(6). Let b be n/209 + (-4)/(-22). Calculate the remainder when 73 is divided by a(b).
10
Suppose 29*i = 6636 - 3823. Suppose 4*j - 96 = -8. Suppose 0 = -s + 4*y + j, -3*y + 0 + 11 = 2*s. Calculate the remainder when i is divided by s.
7
Suppose 0 = 5*l - m - 6226, 81*l - 77*l + m - 4970 = 0. Calculate the remainder when l is divided by 178.
176
Calculate the remainder when 296 is divided by (546/35 - -3)/((-1)/(-5)).
17
Suppose -16*s - 116*s + 2808 = -15*s. Suppose 0 = -5*z - 4*u + 469 - 46, z - 5*u = 73. What is the remainder when z is divided by s?
11
Suppose -3*m + 1 - 84 = -2*c, 179 = 5*c + 2*m. Suppose -5*d - 3*z - 2 = -10*d, -4*z + 3 = -d. Calculate the remainder when c is divided by 115/(4 + d) + -2.
16
Suppose -4*o = -4*j - 420, 4*o - j = 179 + 250. What is the remainder when 182 is divided by o?
74
Suppose 4*g + 3 = 7. Let k(d) = 25*d - 6. What is the remainder when 212/3 - (-3)/9 is divided by k(g)?
14
Let l(b) be the first derivative of -b**4/4 - 5*b**3/3 - b**2 + 7*b - 2. Suppose 97*a - 2542 = 15*a. Calculate the remainder when a is divided by l(-5).
14
Suppose -187*z + 7040 = 153*z - 300*z. Let m(l) = -4*l**3 - l**2 + 2. What is the remainder when z is divided by m(-2)?
26
Let m be 6/15 + (-4)/10. Suppose -9*o + 17*o - 56 = m. What is the remainder when 19 is divided by o?
5
Calculate the remainder when 285 is divided by 3960/594*(-144)/(-10).
93
Suppose 3*a = 2*z - 445, 677 = 3*z - 8*a + 13*a. What is the remainder when z is divided by 13?
3
Suppose -110*q - 3*v - 92 = -115*q, 3*v = 3*q - 54. What is the remainder when 1/((0 + -4)/(-296)) is divided by q?
17
Let j = -7889 - -9804. Calculate the remainder when j is divided by 64.
59
Suppose 762*d = 835*d - 7008. What is the remainder when d is divided by 69?
27
Let o(f) = f**3 - 33*f**2 + 44*f - 296. Calculate the remainder when 10470 is divided by o(32).
86
Let j(l) = l + 3. Let t(c) = 2*c - 9. Let s be t(10). Suppose 520 - 176 = 219*n - 313. What is the remainder when j(s) is divided by n?
2
Let u = 47 - 29. Let n(h) = -1635*h + 29435. What is the remainder when u is divided by n(18)?
3
What is the remainder when 402 is divided by (-6)/(-8)*(142 + -74)?
45
Let c be ((-10)/(-4))/(9/(-18)). Suppose 2*b - 61 = 103. What is the remainder when b is divided by 31 + c*(-1 + (-24)/(-15))?
26
Suppose 0 = -6*g - 12*g + 6534. Let i = g + -344. Calculate the remainder when 39 is divided by i.
1
Suppose -514*b + 2419 + 2693 = -443*b. What is the remainder when b is divided by 48?
24
Suppose -145*h + 147*h + 368 = 0. Let u = h - -224. What is the remainder when 46 is divided by u?
6
Let h = -141 - -132. Let y = h + 136. What is the remainder when y is divided by 65?
62
Let f(o) = -8*o + 39. Let k(b) = 8*b - 39. Let a(x) = 6*f(x) + 7*k(x). Let u be a(-8). Let n = 119 + u. What is the remainder when 45 is divided by n?
13
Let z(i) be the first derivative of -i**3/3 - 21*i**2/2 + 122*i + 292. What is the remainder when z(-24) is divided by 26?
24
Suppose 7643 - 1161 = -14*p. Let d = -459 - p. Calculate the remainder when d is divided by 1.
0
Let y = -8 - -40. Let u(h) = -504*h + 125. Calculate the remainder when u(0) is divided by y.
29
Suppose -58 = -v + 2*o + 96, 15 = 5*o. What is the remainder when 2487/8 + 20/v is divided by 39?
38
Suppose -267 = -3*x + 354. Calculate the remainder when x is divided by 178/25*5 - (-5 - 112/(-20)).
32
Suppose 2*j + 83 = 123. Let f be 538/(-6) + (-1)/3. What is the remainder when 59 is divided by 104/18 - j/f?
5
Suppose 19*q - 1278 = 185. Calculate the remainder when 771/(-514)*(-305 - 1) is divided by q.
74
What is the remainder when -1 + (-1230)/(-9) + 2 - (-3)/9 is divided by 28?
26
Let n = -26 + 45. Let a be 12 + -1 + -4 - (1 + 4). Suppose 0 = -5*d + 3*k + 66, 17 = a*d - 3*k - 13. What is the remainder when n is divided by d?
7
Let j(n) = -42*n**3 + n**2 + n. Let m(w) = w**3 + 16*w**2 - 9*w - 25. Calculate the remainder when m(-16) is divided by j(-1).
35
Suppose 53*p = 60*p - 27*p + 920. Calculate the remainder when 5977 is divided by p.
43
Suppose -43*a + 95*a - 43*a - 261 = 0. What is the remainder when 246 is divided by a?
14
Calculate the remainder when 176 is divided by (19/((-19)/(-90)))/((-27)/(-18)).
56
Suppose -3*p + 22 = -83. Calculate the remainder when p is divided by -25*(154/(-70))/11.
0
Let 